Let z(u) = -3*u. Let j(k) = -t(k) + 2*z(k). Let r be j(6). What is the greatest common factor of 40 and r?
20
Suppose -j + 5992 = -4*a, 3*j - 1389*a = -1390*a + 18067. What is the highest common factor of 344 and j?
172
Suppose 3*p + 2*p = 90. Let m be (22 + -20)/((-2)/(-235)) + -1. Calculate the highest common factor of m and p.
18
Let h = 2682 + -2664. Let b be ((-74)/(-3))/(4/6). Let s be (-1 - -1) + b + -1. What is the greatest common divisor of h and s?
18
Let g be 12/(279/(-144) - -2). What is the highest common divisor of 78 and g?
6
Suppose 5*t - 25 = 0, 2*x - t = 35 + 16. Suppose 0 = -3*i + 2 - 128. Let h be (-1 - 6)/(7/i). What is the highest common divisor of h and x?
14
Suppose 4*y + 4*g - 376 = 0, -484*y - 2*g = -479*y - 488. Calculate the highest common divisor of 50 and y.
50
Let h = 28 + -35. Let k be 1/(-2) - h/2. Suppose -k*g + g = 2*j - 8, -28 = -3*j + g. Calculate the highest common divisor of 16 and j.
8
Let f be 2542 - 1 - (134 - 135). What is the highest common divisor of f and 2460?
82
Let l(i) = -9*i + 6. Suppose -3*q - 25 = -7*b + 2*b, -q = -5*b + 25. Let a be l(q). Suppose a*r + 2*r - 320 = 0. What is the highest common factor of 8 and r?
8
Suppose 0 = -m - m + 40. Suppose a + a = m. Let j(t) = -4*t + 122. Let x be j(28). What is the highest common divisor of a and x?
10
Let l(x) = -x**3 + 22*x**2 - 4*x + 99. Let i be l(22). What is the highest common divisor of 2761 and i?
11
Let s = 11375 + -10638. What is the highest common divisor of s and 44?
11
Let g(a) = a**3 - 8*a**2 - 9*a - 14. Let z be g(10). Suppose -17*t + 246 = -2*t + 26*t. Calculate the highest common divisor of z and t.
6
Let g(d) = -3*d + 276. Let y be g(46). Let t be 17710/y - 1/3. Calculate the greatest common divisor of 16 and t.
16
Suppose -5*g = -25, -64*m + 869 = -62*m + g. Calculate the highest common divisor of 918 and m.
54
Let q = -5263 - -6022. Calculate the highest common factor of 138 and q.
69
Suppose -11*k = -1288 - 956. Suppose -2*a - 52 = -2*o + k, -5*o = -2*a - 652. What is the highest common factor of o and 33?
33
Let m be 7192/92 - (-192)/(-1104). Calculate the highest common factor of 4407 and m.
39
Suppose 5*t = -20, -3*l - 3*t - 16 = -4*l. Suppose -l*p + 4116 = -0*p. Suppose w - 8*w = -p. Calculate the greatest common factor of 49 and w.
49
Suppose o + 1 = -4*m, -4*o + 0*m + 9 = 3*m. Suppose 896 = -256*t + 312*t. What is the highest common divisor of o and t?
1
Let f(k) = -9*k + 95. Let l be f(8). Suppose -l*b = -15*b - 4400. Calculate the greatest common divisor of 50 and b.
50
Let t(d) = -181*d + 1138. Let y be t(6). What is the highest common factor of 5707 and y?
13
Let h = -18791 + 18880. What is the highest common factor of 38003 and h?
89
Suppose 2*m + 616 = 10*m. Let y be (-2)/(-27 + 30 + (-233)/m). Calculate the greatest common factor of y and 22.
11
Suppose -4*r + 2174 = 2006. What is the highest common factor of r and 140?
14
Suppose 61*v = 57*v + 60. Let j be (1 - 5) + 3 + v. Let n = j - -4. Calculate the highest common factor of n and 12.
6
Let t(z) = z**2 + 5. Let g be t(-4). Let b = 344 - 326. Let u(y) = -y**3 + 18*y**2 + 8*y - 39. Let q be u(b). What is the highest common divisor of g and q?
21
Let w = 20894 - 11882. Calculate the highest common factor of w and 12.
12
Suppose 3*w - 353 = 2*w + 3*g, 0 = w + 5*g - 353. Let k = w + -311. Calculate the highest common divisor of k and 28.
14
Suppose 14*a - 9 = -23. Let n be (1 - -57) + (4 - a). What is the highest common divisor of 9 and n?
9
Let b be (26 - (-58890)/(-39))*22/(-7). Calculate the greatest common factor of b and 11.
11
Let g = -257 + 234. Let q = g - -35. Calculate the highest common factor of q and 12.
12
Let q(j) = -220*j + 4047. Let t be q(18). What is the highest common divisor of t and 2233?
29
Suppose -7*z + 264 = -23. Suppose 0 = -8*r - z + 121. Let o = -121 - -127. What is the highest common divisor of o and r?
2
Suppose 4*i + 24 = 8*i. Suppose i*r - 281 = 19. Suppose -45*z - 110 = -r*z. Calculate the highest common factor of z and 55.
11
Suppose 9 = 2*d - 3*c, 2*d - 4*c - 10 = -4. Let f be (-4)/(-6) + 4/(-6). Suppose f*g - 4*g + 396 = 0. What is the greatest common factor of g and d?
9
Let o = -8 - -431. Calculate the greatest common divisor of o and 1551.
141
Let v = 444 - 419. Let g = 258 + 17. Calculate the highest common divisor of v and g.
25
Let h = 8240 + -8090. Calculate the highest common factor of 24 and h.
6
Let y be 61/(183/180) + 6. Let i = -35 + 145. What is the highest common divisor of y and i?
22
Suppose 3*w - 3*r = 2382, -2*r = 3*w - 1924 - 478. Calculate the greatest common factor of 247 and w.
19
Suppose -5238 = -3*l - 3*s, -8 + 4 = -2*s. Let y(f) = -32778*f - 98225. Let d be y(-3). What is the highest common factor of d and l?
109
Suppose 4 = -2*w - 4*n, -4*w - 5*n = 566 - 564. Calculate the highest common factor of 722 and w.
2
Let v(f) = f**2 + 44*f + 70. Let i be v(40). Let x = i + -2441. What is the highest common factor of 86 and x?
43
Suppose -9*a - 120 = -19*a. Let j be a/(420/2009) + (-4)/10. What is the highest common divisor of 133 and j?
19
Let q = 6979 + -6776. What is the highest common factor of q and 348?
29
Let o = 19 - 27. Let t be (78/o)/((-8)/(-32)). Let q = t + 62. Calculate the greatest common factor of 253 and q.
23
Let l be (14/(196/(-21)))/(1/(-42)). Let w = l + -54. What is the greatest common factor of 252 and w?
9
Let f be (74 - -2)/(7/((-63)/(-18))). Calculate the greatest common divisor of 10469 and f.
19
Let c be ((1749/10)/(8/20))/(174/2784). Calculate the greatest common divisor of 132 and c.
132
Suppose 0 = 8*m - 5*m - 9. Suppose 19 = z - m*w, -2 - 13 = -5*z - w. Suppose -108 = z*k - 5*k. What is the highest common divisor of k and 12?
12
Let r = 275 + -170. Let z(a) = -a**3 - 5*a**2 + 2. Let b be z(-5). Let l be (b - -1)*(3 - -2). What is the greatest common divisor of l and r?
15
Let i = 20 - -145. Let a = 47 - 44. Suppose -3*j + a*v = -0*j - 51, v = -2*j + 28. Calculate the greatest common factor of i and j.
15
Let x = -5108 - -5137. What is the greatest common divisor of 21779 and x?
29
Let f(d) = d**2 + 12*d + 23. Let p be 1/((-6)/8)*126/12. Let w be f(p). Calculate the greatest common divisor of w and 17.
17
Let z be (-60)/240 - (-290)/8. Suppose z = 170*u - 166*u. Let x be (10 - -2)*54/8. Calculate the greatest common divisor of x and u.
9
Let d(l) = 77*l - 1494. Let p be d(27). Calculate the highest common divisor of p and 495.
45
Let l be (-4 - -44*2)*3/2. Let y be (l/4)/((-51)/(-238)). What is the highest common factor of 21 and y?
21
Let c = 113 + 8. Suppose -6 = -c*p + 120*p. Calculate the highest common divisor of p and 3.
3
Suppose 5*w + 7*q - 72 = 5*q, 0 = 3*w + q - 44. Let n be (-22)/(-1 - (-2)/4*1). Calculate the highest common divisor of w and n.
4
Suppose -31*w - 1099 = -77*w + 925. What is the greatest common divisor of w and 2596?
44
Suppose 0 = -10*d + 6*d + 8. Suppose 22*o + n = 24*o - 62, 0 = -d*n - 4. Let j = 14 + -2. What is the greatest common factor of o and j?
6
Let r(p) = -6*p + 261. Let b be r(11). Suppose 4*v - 3*o + b - 1044 = 0, -414 = -2*v - 2*o. Calculate the highest common divisor of v and 126.
42
Suppose 2*o = -2*j + 5*j + 658, -2*j = -5*o + 435. Let a = 239 + j. What is the highest common factor of a and 475?
19
Let h = -18 + 36. Let n = 64 + 386. Calculate the greatest common factor of h and n.
18
Let y(i) = i**3 + i**2 + 54*i + 40. Let w be y(15). What is the highest common divisor of w and 178?
178
Let u = 108098 + -108064. Let b be (-2 + 312/(-14))*-14. What is the greatest common divisor of u and b?
34
Let y be (-398)/(-33) + (-12)/198. Suppose -4*v - c = 113, 3*c + 107 = -4*v - 0*v. Let r = -17 - v. What is the greatest common divisor of y and r?
12
Let a = 68476 + -26788. What is the highest common divisor of 193 and a?
193
Let x be 36/4 + (1 - (-25)/(-5)). Suppose 0 = -r + x, -8*s + 173 = -6*s - 5*r. Let m be (15/2 - 2)*2. Calculate the highest common divisor of m and s.
11
Let a(z) = 1360*z + 46255. Let b be a(-34). Suppose -1140 = -5*n + n. What is the highest common factor of n and b?
15
Let x(u) = 330*u**3 + u**2 - 2*u - 1. Let v be x(1). What is the greatest common divisor of 82 and v?
82
Let c = 4205 - 4036. What is the highest common